{"id":1956,"date":"2019-12-20T21:42:18","date_gmt":"2019-12-21T00:42:18","guid":{"rendered":"http:\/\/pccevillegas.com\/?page_id=1956"},"modified":"2020-01-13T18:43:19","modified_gmt":"2020-01-13T21:43:19","slug":"contacto","status":"publish","type":"page","link":"https:\/\/pccevillegas.com\/index.php\/contacto\/","title":{"rendered":"CONTACTO"},"content":{"rendered":"<div class=\"wpforms-container wpforms-container-full\" id=\"wpforms-2008\"><form id=\"wpforms-form-2008\" class=\"wpforms-validate wpforms-form\" data-formid=\"2008\" method=\"post\" enctype=\"multipart\/form-data\" action=\"\/index.php\/wp-json\/wp\/v2\/pages\/1956\" data-token=\"bf3282732a5c8f2dadcc54e7f81e08cb\" data-token-time=\"1778726810\"><noscript class=\"wpforms-error-noscript\">Por favor, active JavaScript en su navegador para completar esta forma.<\/noscript><div class=\"wpforms-field-container\"><div id=\"wpforms-2008-field_0-container\" class=\"wpforms-field wpforms-field-name\" data-field-id=\"0\"><label class=\"wpforms-field-label\" for=\"wpforms-2008-field_0\">Nombre <span class=\"wpforms-required-label\">*<\/span><\/label><input type=\"text\" id=\"wpforms-2008-field_0\" class=\"wpforms-field-medium wpforms-field-required\" name=\"wpforms[fields][0]\" required><\/div><div id=\"wpforms-2008-field_1-container\" class=\"wpforms-field wpforms-field-email\" data-field-id=\"1\"><label class=\"wpforms-field-label\" for=\"wpforms-2008-field_1\">Email <span class=\"wpforms-required-label\">*<\/span><\/label><input type=\"email\" id=\"wpforms-2008-field_1\" class=\"wpforms-field-medium wpforms-field-required\" name=\"wpforms[fields][1]\" spellcheck=\"false\" required><div class=\"wpforms-field-description\">Un correo v\u00e1lido<\/div><\/div><div id=\"wpforms-2008-field_2-container\" class=\"wpforms-field wpforms-field-textarea\" data-field-id=\"2\"><label class=\"wpforms-field-label\" for=\"wpforms-2008-field_2\">Mensaje y celular <span class=\"wpforms-required-label\">*<\/span><\/label><textarea id=\"wpforms-2008-field_2\" class=\"wpforms-field-medium wpforms-field-required\" name=\"wpforms[fields][2]\" required><\/textarea><\/div><\/div><!-- .wpforms-field-container --><div class=\"wpforms-field wpforms-field-hp\"><label for=\"wpforms-2008-field-hp\" class=\"wpforms-field-label\">Name<\/label><input type=\"text\" name=\"wpforms[hp]\" id=\"wpforms-2008-field-hp\" class=\"wpforms-field-medium\"><\/div><div class=\"wpforms-submit-container\" ><input type=\"hidden\" name=\"wpforms[id]\" value=\"2008\"><input type=\"hidden\" name=\"page_title\" value=\"\"><input type=\"hidden\" name=\"page_url\" value=\"https:\/\/pccevillegas.com\/index.php\/wp-json\/wp\/v2\/pages\/1956\"><input type=\"hidden\" name=\"url_referer\" value=\"\"><button type=\"submit\" name=\"wpforms[submit]\" id=\"wpforms-submit-2008\" class=\"wpforms-submit\" data-alt-text=\"Enviando...\" data-submit-text=\"Enviar\" aria-live=\"assertive\" value=\"wpforms-submit\">Enviar<\/button><\/div><\/form><\/div>  <!-- .wpforms-container -->\n<p>&nbsp;<\/p>\n<ul>\n<li>\n<h4><strong>Facebook:<\/strong> <a href=\"https:\/\/www.facebook.com\/pcce.villegas\/\">www.facebook.com\/pcce.villegas\/<\/a><\/h4>\n<\/li>\n<li>\n<h4><strong>Instagram:<\/strong> <a href=\"https:\/\/www.instagram.com\/pccevillegas\/\">www.instagram.com\/pccevillegas\/<\/a><\/h4>\n<\/li>\n<li>\n<h4>Whatsapp: 3388 15 675898<\/h4>\n<\/li>\n<li>\n<h4><strong>E-mail:<\/strong> pcce.villegas@gmail.com<\/h4>\n<\/li>\n<\/ul>\n","protected":false},"excerpt":{"rendered":"<p>&nbsp; Facebook: www.facebook.com\/pcce.villegas\/ Instagram: www.instagram.com\/pccevillegas\/ Whatsapp: 3388 15 675898 E-mail: pcce.villegas@gmail.com<\/p>\n","protected":false},"author":1,"featured_media":0,"parent":0,"menu_order":0,"comment_status":"closed","ping_status":"closed","template":"template-full-width.php","meta":{"footnotes":""},"class_list":["post-1956","page","type-page","status-publish","hentry"],"yoast_head":"<!-- This site is optimized with the Yoast SEO plugin v27.6 - https:\/\/yoast.com\/product\/yoast-seo-wordpress\/ -->\n<title>CONTACTO - PC C\u00e9lula Villegas<\/title>\n<meta name=\"robots\" content=\"index, follow, max-snippet:-1, max-image-preview:large, max-video-preview:-1\" \/>\n<link rel=\"canonical\" href=\"https:\/\/pccevillegas.com\/index.php\/contacto\/\" \/>\n<meta property=\"og:locale\" content=\"es_ES\" \/>\n<meta property=\"og:type\" content=\"article\" \/>\n<meta property=\"og:title\" content=\"CONTACTO - PC C\u00e9lula Villegas\" \/>\n<meta property=\"og:description\" content=\"&nbsp; Facebook: www.facebook.com\/pcce.villegas\/ Instagram: www.instagram.com\/pccevillegas\/ Whatsapp: 3388 15 675898 E-mail: pcce.villegas@gmail.com\" \/>\n<meta property=\"og:url\" content=\"https:\/\/pccevillegas.com\/index.php\/contacto\/\" \/>\n<meta property=\"og:site_name\" content=\"PC C\u00e9lula Villegas\" \/>\n<meta property=\"article:publisher\" content=\"https:\/\/www.facebook.com\/AlejandroBalbiOk\" \/>\n<meta property=\"article:modified_time\" content=\"2020-01-13T21:43:19+00:00\" \/>\n<meta property=\"og:image\" content=\"https:\/\/pccevillegas.com\/wp-content\/uploads\/2019\/12\/cropped-Captura-de-pantalla-2019-12-20-a-las-18.46.41.png\" \/>\n\t<meta property=\"og:image:width\" content=\"512\" \/>\n\t<meta property=\"og:image:height\" content=\"512\" \/>\n\t<meta property=\"og:image:type\" content=\"image\/png\" \/>\n<meta name=\"twitter:card\" content=\"summary_large_image\" \/>\n<script type=\"application\/ld+json\" class=\"yoast-schema-graph\">{\"@context\":\"https:\\\/\\\/schema.org\",\"@graph\":[{\"@type\":\"WebPage\",\"@id\":\"https:\\\/\\\/pccevillegas.com\\\/index.php\\\/contacto\\\/\",\"url\":\"https:\\\/\\\/pccevillegas.com\\\/index.php\\\/contacto\\\/\",\"name\":\"CONTACTO - PC C\u00e9lula Villegas\",\"isPartOf\":{\"@id\":\"https:\\\/\\\/pccevillegas.com\\\/#website\"},\"datePublished\":\"2019-12-21T00:42:18+00:00\",\"dateModified\":\"2020-01-13T21:43:19+00:00\",\"breadcrumb\":{\"@id\":\"https:\\\/\\\/pccevillegas.com\\\/index.php\\\/contacto\\\/#breadcrumb\"},\"inLanguage\":\"es-AR\",\"potentialAction\":[{\"@type\":\"ReadAction\",\"target\":[\"https:\\\/\\\/pccevillegas.com\\\/index.php\\\/contacto\\\/\"]}]},{\"@type\":\"BreadcrumbList\",\"@id\":\"https:\\\/\\\/pccevillegas.com\\\/index.php\\\/contacto\\\/#breadcrumb\",\"itemListElement\":[{\"@type\":\"ListItem\",\"position\":1,\"name\":\"Inicio\",\"item\":\"https:\\\/\\\/pccevillegas.com\\\/\"},{\"@type\":\"ListItem\",\"position\":2,\"name\":\"CONTACTO\"}]},{\"@type\":\"WebSite\",\"@id\":\"https:\\\/\\\/pccevillegas.com\\\/#website\",\"url\":\"https:\\\/\\\/pccevillegas.com\\\/\",\"name\":\"PC C\u00e9lula Villegas\",\"description\":\"P\u00e1gina de la C\u00e9lula Villeguense del Partido Comunista\",\"potentialAction\":[{\"@type\":\"SearchAction\",\"target\":{\"@type\":\"EntryPoint\",\"urlTemplate\":\"https:\\\/\\\/pccevillegas.com\\\/?s={search_term_string}\"},\"query-input\":{\"@type\":\"PropertyValueSpecification\",\"valueRequired\":true,\"valueName\":\"search_term_string\"}}],\"inLanguage\":\"es-AR\"}]}<\/script>\n<!-- \/ Yoast SEO plugin. -->","yoast_head_json":{"title":"CONTACTO - PC C\u00e9lula Villegas","robots":{"index":"index","follow":"follow","max-snippet":"max-snippet:-1","max-image-preview":"max-image-preview:large","max-video-preview":"max-video-preview:-1"},"canonical":"https:\/\/pccevillegas.com\/index.php\/contacto\/","og_locale":"es_ES","og_type":"article","og_title":"CONTACTO - PC C\u00e9lula Villegas","og_description":"&nbsp; Facebook: www.facebook.com\/pcce.villegas\/ Instagram: www.instagram.com\/pccevillegas\/ Whatsapp: 3388 15 675898 E-mail: pcce.villegas@gmail.com","og_url":"https:\/\/pccevillegas.com\/index.php\/contacto\/","og_site_name":"PC C\u00e9lula Villegas","article_publisher":"https:\/\/www.facebook.com\/AlejandroBalbiOk","article_modified_time":"2020-01-13T21:43:19+00:00","og_image":[{"width":512,"height":512,"url":"https:\/\/pccevillegas.com\/wp-content\/uploads\/2019\/12\/cropped-Captura-de-pantalla-2019-12-20-a-las-18.46.41.png","type":"image\/png"}],"twitter_card":"summary_large_image","schema":{"@context":"https:\/\/schema.org","@graph":[{"@type":"WebPage","@id":"https:\/\/pccevillegas.com\/index.php\/contacto\/","url":"https:\/\/pccevillegas.com\/index.php\/contacto\/","name":"CONTACTO - PC C\u00e9lula Villegas","isPartOf":{"@id":"https:\/\/pccevillegas.com\/#website"},"datePublished":"2019-12-21T00:42:18+00:00","dateModified":"2020-01-13T21:43:19+00:00","breadcrumb":{"@id":"https:\/\/pccevillegas.com\/index.php\/contacto\/#breadcrumb"},"inLanguage":"es-AR","potentialAction":[{"@type":"ReadAction","target":["https:\/\/pccevillegas.com\/index.php\/contacto\/"]}]},{"@type":"BreadcrumbList","@id":"https:\/\/pccevillegas.com\/index.php\/contacto\/#breadcrumb","itemListElement":[{"@type":"ListItem","position":1,"name":"Inicio","item":"https:\/\/pccevillegas.com\/"},{"@type":"ListItem","position":2,"name":"CONTACTO"}]},{"@type":"WebSite","@id":"https:\/\/pccevillegas.com\/#website","url":"https:\/\/pccevillegas.com\/","name":"PC C\u00e9lula Villegas","description":"P\u00e1gina de la C\u00e9lula Villeguense del Partido Comunista","potentialAction":[{"@type":"SearchAction","target":{"@type":"EntryPoint","urlTemplate":"https:\/\/pccevillegas.com\/?s={search_term_string}"},"query-input":{"@type":"PropertyValueSpecification","valueRequired":true,"valueName":"search_term_string"}}],"inLanguage":"es-AR"}]}},"_links":{"self":[{"href":"https:\/\/pccevillegas.com\/index.php\/wp-json\/wp\/v2\/pages\/1956","targetHints":{"allow":["GET"]}}],"collection":[{"href":"https:\/\/pccevillegas.com\/index.php\/wp-json\/wp\/v2\/pages"}],"about":[{"href":"https:\/\/pccevillegas.com\/index.php\/wp-json\/wp\/v2\/types\/page"}],"author":[{"embeddable":true,"href":"https:\/\/pccevillegas.com\/index.php\/wp-json\/wp\/v2\/users\/1"}],"replies":[{"embeddable":true,"href":"https:\/\/pccevillegas.com\/index.php\/wp-json\/wp\/v2\/comments?post=1956"}],"version-history":[{"count":16,"href":"https:\/\/pccevillegas.com\/index.php\/wp-json\/wp\/v2\/pages\/1956\/revisions"}],"predecessor-version":[{"id":2011,"href":"https:\/\/pccevillegas.com\/index.php\/wp-json\/wp\/v2\/pages\/1956\/revisions\/2011"}],"wp:attachment":[{"href":"https:\/\/pccevillegas.com\/index.php\/wp-json\/wp\/v2\/media?parent=1956"}],"curies":[{"name":"wp","href":"https:\/\/api.w.org\/{rel}","templated":true}]}}